{"id":266,"date":"2019-01-11T18:19:36","date_gmt":"2019-01-11T17:19:36","guid":{"rendered":"http:\/\/gpuisegur.com\/evva\/?page_id=266"},"modified":"2021-03-12T19:08:21","modified_gmt":"2021-03-12T18:08:21","slug":"coffre-aux-tresors","status":"publish","type":"page","link":"https:\/\/gpuisegur.com\/?page_id=266","title":{"rendered":"Coffre aux tr\u00e9sors"},"content":{"rendered":"\n<div class=\"wp-block-image\"><figure class=\"alignright is-resized\"><img loading=\"lazy\" decoding=\"async\" src=\"https:\/\/gpuisegur.com\/wp-content\/uploads\/2019\/01\/coffre03.jpg\" alt=\"\" class=\"wp-image-268\" width=\"171\" height=\"171\" srcset=\"https:\/\/gpuisegur.com\/wp-content\/uploads\/2019\/01\/coffre03.jpg 300w, https:\/\/gpuisegur.com\/wp-content\/uploads\/2019\/01\/coffre03-150x150.jpg 150w\" sizes=\"auto, (max-width: 171px) 85vw, 171px\" \/><\/figure><\/div>\n\n\n\n<p><em><strong><br><\/strong><\/em><\/p>\n\n\n\n<p>Vous trouverez ici de nombreuses ressources  en lien avec des concepts, des id\u00e9es et des d\u00e9couvertes en r\u00e9sonance et coh\u00e9rence avec la vision de Numen Process. Cette page sera continuellement enrichie, aussi je vous invite \u00e0 la consulter r\u00e9guli\u00e8rement, de m\u00eame que <a href=\"https:\/\/www.facebook.com\/Ensemble-vers-votre-accomplissement-1049900511848373\/\" target=\"_blank\" rel=\"noreferrer noopener\" aria-label=\"ma page Facebook (s\u2019ouvre dans un nouvel onglet)\">ma page Facebook<\/a>, Ensemble vers votre accomplissement.<\/p>\n\n\n\n<p> <br><em><strong>Quelques auteurs inspirants<\/strong><\/em> :  <\/p>\n\n\n\n<p>Nassim Haramein, th\u00e9oricien de l&rsquo;Univers connect\u00e9 ou champ unifi\u00e9,<br><a rel=\"noreferrer noopener\" aria-label=\" (s\u2019ouvre dans un nouvel onglet)\" href=\"https:\/\/resonance.is\/\" target=\"_blank\"> site officiel<\/a>. <\/p>\n\n\n\n<p style=\"text-align: center\">\n<iframe loading=\"lazy\" src=\"https:\/\/www.youtube.com\/embed\/GKofM2M9uCc\" allow=\"accelerometer; autoplay; encrypted-media; gyroscope; picture-in-picture\" allowfullscreen=\"\" width=\"400\" height=\"240\" frameborder=\"0\">\n<\/iframe>\n<\/p>\n\n\n\n<p>Multiples conf\u00e9rences accessibles sur YouTube, y compris en fran\u00e7ais. <br>Sa cha\u00eene YouTube : <a href=\"https:\/\/www.youtube.com\/results?search_query=nassim+haramein+francais\" target=\"_blank\" rel=\"noreferrer noopener\" aria-label=\"Resonance Science Foundation (s\u2019ouvre dans un nouvel onglet)\">Resonance Science Foundation<\/a>.<\/p>\n\n\n\n<p><a rel=\"noreferrer noopener\" aria-label=\"Bruce Lipton (s\u2019ouvre dans un nouvel onglet)\" href=\"https:\/\/www.brucelipton.com\/\" target=\"_blank\">Bruce Lipton<\/a>, auteur de <em>La biologie des Croyances et d&rsquo;Evolution spontan\u00e9e,  : C<\/em>omment nous cr\u00e9ons ce \u00e0 quoi nous croyons, comment nous pouvons cr\u00e9er la r\u00e9alit\u00e9 que nous souhaitons, en mettant notamment \u00e0 profit les r\u00e9sultats de recherche sur l&rsquo;\u00e9pig\u00e9n\u00e9tique.  <br>Multiples conf\u00e9rences accessibles sur YouTube, y compris en fran\u00e7ais. <br><a href=\"https:\/\/www.youtube.com\/user\/biologyofbelief\" target=\"_blank\" rel=\"noreferrer noopener\" aria-label=\" (s\u2019ouvre dans un nouvel onglet)\">Sa cha\u00eene YouTube<\/a> <\/p>\n\n\n\n<p>David Servan Schreiber, auteur de <em>Gu\u00e9rir<\/em>, <br>pionnier de la coh\u00e9rence cardiaque :   <a rel=\"noreferrer noopener\" aria-label=\"site  (s\u2019ouvre dans un nouvel onglet)\" href=\"http:\/\/www.guerir.org\/david-servan-schreiber\/\" target=\"_blank\">site <\/a>,    <a rel=\"noreferrer noopener\" aria-label=\"page Facebook (s\u2019ouvre dans un nouvel onglet)\" href=\"https:\/\/www.youtube.com\/results?search_query=David+Servan+Schreiber\" target=\"_blank\">Chaine YouTube<\/a> <\/p>\n\n\n\n<p>Lynne McTaggart est une conf\u00e9renci\u00e8re, journaliste, auteure et \u00e9ditrice am\u00e9ricaine. Elle est l&rsquo;auteur de six livres, notamment <em>Le champ unifi\u00e9, la force secr\u00e8te de l\u2019univers<\/em> et <em>Le lien quantique. <\/em><\/p>\n\n\n\n<p class=\"has-text-align-center\">Voir \u00e9galement le film <em>The living matrix.<\/em>  <\/p>\n\n\n\n<p style=\"text-align: center\">\n\n<iframe loading=\"lazy\" src=\"https:\/\/www.youtube.com\/embed\/fX40pYdOclo\" allow=\"accelerometer; autoplay; encrypted-media; gyroscope; picture-in-picture\" allowfullscreen=\"\" width=\"400\" height=\"240\" frameborder=\"0\">\n<\/iframe>\n<\/p>\n\n\n\n<p>Joe Dispenza, <strong>docteur en chiropraxie,<\/strong> est conf\u00e9rencier, chercheur, consultant, auteur et \u00e9ducateur \u00e0 l\u2019\u00e9chelle internationale. Ses recherches croisent neurosciences, \u00e9pig\u00e9n\u00e9tique et physique quantique. Il a aid\u00e9 des milliers de personnes gens \u00e0 comprendre comment ils peuvent rec\u00e2bler leur cerveau et reconditionner leur corps pour obtenir des am\u00e9liorations durables.<br>Voir notamment <em>Devenir super-conscient: Transformer sa vie et acc\u00e9der \u00e0 l&rsquo;extra-ordinaire<\/em> et <em>Rompre avec soi-m\u00eame pour se cr\u00e9er de nouveau<\/em> (livre audio ADA ).<\/p>\n\n\n\n<p style=\"text-align: center\">\n<iframe loading=\"lazy\" src=\"https:\/\/www.youtube.com\/embed\/c5WGQlyGZks\" allow=\"accelerometer; autoplay; encrypted-media; gyroscope; picture-in-picture\" allowfullscreen=\"\" width=\"400\" height=\"240\" frameborder=\"0\"><\/iframe>\n<\/p>\n\n\n\n<p>Erwin Lazlo, philosophe des sciences est th\u00e9oricien des syst\u00e8mes et th\u00e9oricien du tout. Fondateur du club de Budapest, ll a publi\u00e9 environ 75 livres et plus de 400 articles, et est l&rsquo;\u00e9diteur de World Futures: The Journal of General Evolution. Voir en particulier <em>Virage global <\/em>et <em>Sciences et champ akashique. <\/em>Entretien sur YouTube&nbsp;: <em>L&rsquo;exp\u00e9rience du champ akashique, un Autre Regard sur la Science .<\/em>  <\/p>\n\n\n\n<p style=\"text-align: center\">\n<iframe loading=\"lazy\" src=\"https:\/\/www.youtube.com\/embed\/eoxYPSqr5S0\" allow=\"accelerometer; autoplay; encrypted-media; gyroscope; picture-in-picture\" allowfullscreen=\"\" width=\"400\" height=\"240\" frameborder=\"0\"><\/iframe><\/p>\n\n\n\n<p><br><\/p>\n","protected":false},"excerpt":{"rendered":"<p>Vous trouverez ici de nombreuses ressources en lien avec des concepts, des id\u00e9es et des d\u00e9couvertes en r\u00e9sonance et coh\u00e9rence avec la vision de Numen Process. Cette page sera continuellement enrichie, aussi je vous invite \u00e0 la consulter r\u00e9guli\u00e8rement, de m\u00eame que ma page Facebook, Ensemble vers votre accomplissement. Quelques auteurs inspirants : Nassim Haramein, &hellip; <a href=\"https:\/\/gpuisegur.com\/?page_id=266\" class=\"more-link\">Continuer la lecture<span class=\"screen-reader-text\"> de &laquo;&nbsp;Coffre aux tr\u00e9sors&nbsp;&raquo;<\/span><\/a><\/p>\n","protected":false},"author":2,"featured_media":0,"parent":0,"menu_order":0,"comment_status":"closed","ping_status":"closed","template":"","meta":{"footnotes":""},"class_list":["post-266","page","type-page","status-publish","hentry"],"_links":{"self":[{"href":"https:\/\/gpuisegur.com\/index.php?rest_route=\/wp\/v2\/pages\/266","targetHints":{"allow":["GET"]}}],"collection":[{"href":"https:\/\/gpuisegur.com\/index.php?rest_route=\/wp\/v2\/pages"}],"about":[{"href":"https:\/\/gpuisegur.com\/index.php?rest_route=\/wp\/v2\/types\/page"}],"author":[{"embeddable":true,"href":"https:\/\/gpuisegur.com\/index.php?rest_route=\/wp\/v2\/users\/2"}],"replies":[{"embeddable":true,"href":"https:\/\/gpuisegur.com\/index.php?rest_route=%2Fwp%2Fv2%2Fcomments&post=266"}],"version-history":[{"count":53,"href":"https:\/\/gpuisegur.com\/index.php?rest_route=\/wp\/v2\/pages\/266\/revisions"}],"predecessor-version":[{"id":1772,"href":"https:\/\/gpuisegur.com\/index.php?rest_route=\/wp\/v2\/pages\/266\/revisions\/1772"}],"wp:attachment":[{"href":"https:\/\/gpuisegur.com\/index.php?rest_route=%2Fwp%2Fv2%2Fmedia&parent=266"}],"curies":[{"name":"wp","href":"https:\/\/api.w.org\/{rel}","templated":true}]}}